{"id":990,"date":"2026-03-09T18:10:52","date_gmt":"2026-03-09T18:10:52","guid":{"rendered":"https:\/\/dondevamos.com.ar\/wp\/?post_type=agenda&#038;p=990"},"modified":"2026-03-09T18:10:53","modified_gmt":"2026-03-09T18:10:53","slug":"trump-sobre-el-nuevo-lider-de-iran-no-estoy-contento-con-el","status":"publish","type":"agenda","link":"https:\/\/dondevamos.com.ar\/wp\/agenda\/trump-sobre-el-nuevo-lider-de-iran-no-estoy-contento-con-el\/","title":{"rendered":"TRUMP SOBRE EL NUEVO L\u00cdDER DE IR\u00c1N: \u00abNO ESTOY CONTENTO CON \u00c9L\u00bb"},"content":{"rendered":"\n<p><\/p>\n\n\n\n<p>Donald Trump se refiri\u00f3 a la designaci\u00f3n de Mojtaba Khamenei como nuevo l\u00edder supremo de Ir\u00e1n y fue contundente: \u00abNo estoy contento con \u00e9l\u00bb, declar\u00f3 al diario The New York Post.<\/p>\n\n\n\n<p>Mojtaba, de 56 a\u00f1os, asumi\u00f3 el cargo tras la muerte de su padre, el ayatol\u00e1 Ali Khamenei, ocurrida el 28 de febrero durante los primeros bombardeos conjuntos de Estados Unidos e Israel contra Ir\u00e1n.<\/p>\n\n\n\n<p>La Asamblea de Expertos iran\u00ed aprob\u00f3 la sucesi\u00f3n en una sesi\u00f3n de emergencia, reforzando la continuidad din\u00e1stica dentro del r\u00e9gimen. El nuevo l\u00edder tiene fuerte influencia en la Guardia Revolucionaria Isl\u00e1mica y fue sancionado por el Tesoro de Estados Unidos en 2019 por pol\u00edticas consideradas opresivas.<\/p>\n\n\n\n<p>Consultado sobre posibles represalias, Trump evit\u00f3 dar precisiones: \u00abNo te lo voy a decir\u00bb, respondi\u00f3, aunque reiter\u00f3 que Washington deb\u00eda aprobar cualquier nombramiento en el cargo supremo iran\u00ed.<\/p>\n\n\n\n<p>En paralelo, neg\u00f3 que haya planes de desplegar tropas en las instalaciones nucleares de Isfah\u00e1n: \u00abNo hemos tomado ninguna decisi\u00f3n al respecto. Estamos muy lejos de hacerlo\u00bb, afirm\u00f3.<\/p>\n\n\n\n<p>La designaci\u00f3n se da en medio de una escalada b\u00e9lica que ya lleva 12 d\u00edas y mantiene en alerta a toda la regi\u00f3n.<\/p>\n","protected":false},"featured_media":991,"template":"","meta":{"_acf_changed":false},"seccion":[19],"tipo_de_evento":[],"class_list":["post-990","agenda","type-agenda","status-publish","has-post-thumbnail","hentry","seccion-actualidad"],"acf":{"fecha_inicio_de_evento":{"simple_value_formatted":null,"value_formatted":null,"value":null,"field":{"ID":1313,"key":"field_69b7addf2bc8b","label":"Fecha Inicio de Evento (opcional para crear y mostrar Rango)","name":"fecha_inicio_de_evento","aria-label":"","prefix":"acf","type":"date_time_picker","value":null,"menu_order":0,"instructions":"","required":0,"id":"","class":"","conditional_logic":0,"parent":1246,"wrapper":{"width":"","class":"","id":""},"display_format":"j F, g:i a","return_format":"j F, g:i a","first_day":1,"default_to_current_date":0,"allow_in_bindings":0,"_name":"fecha_inicio_de_evento","_valid":1}},"fecha_de_evento":{"simple_value_formatted":null,"value_formatted":null,"value":null,"field":{"ID":1247,"key":"field_69b5c6ada84ac","label":"Fecha de Evento (Fin)","name":"fecha_de_evento","aria-label":"","prefix":"acf","type":"date_time_picker","value":null,"menu_order":1,"instructions":"","required":0,"id":"","class":"","conditional_logic":0,"parent":1246,"wrapper":{"width":"","class":"","id":""},"display_format":"j F, g:i a","return_format":"j F, g:i a","first_day":1,"default_to_current_date":0,"allow_in_bindings":0,"_name":"fecha_de_evento","_valid":1}},"dias_del_rango":{"simple_value_formatted":"todos","value_formatted":"todos","value":"todos","field":{"ID":1323,"key":"field_69b7ba6cac7d1","label":"D\u00edas del rango","name":"dias_del_rango","aria-label":"","prefix":"acf","type":"radio","value":null,"menu_order":2,"instructions":"","required":0,"id":"","class":"","conditional_logic":0,"parent":1246,"wrapper":{"width":"","class":"","id":""},"choices":{"todos":"Todo el rango","habiles":"D\u00edas h\u00e1biles (Lun-Vie)","finde":"Fines de semana (S\u00e1b-Dom)"},"default_value":"todos","return_format":"value","allow_null":0,"other_choice":0,"allow_in_bindings":0,"layout":"vertical","save_other_choice":0,"_name":"dias_del_rango","_valid":1}},"fechas_extra":{"simple_value_formatted":"","value_formatted":"","value":"","field":{"ID":1317,"key":"field_69b7b43578fd9","label":"Fechas extra separadas por coma. Formato: YYYY-MM-DD HH. Ej: 2026-03-21 21, 2026-03-28 21","name":"fechas_extra","aria-label":"","prefix":"acf","type":"text","value":null,"menu_order":3,"instructions":"","required":0,"id":"","class":"","conditional_logic":0,"parent":1246,"wrapper":{"width":"","class":"","id":""},"default_value":"","maxlength":"","allow_in_bindings":0,"placeholder":"","prepend":"","append":"","_name":"fechas_extra","_valid":1}}},"mb":[],"mfb_rest_fields":["title"],"_links":{"self":[{"href":"https:\/\/dondevamos.com.ar\/wp\/wp-json\/wp\/v2\/publicacion\/990","targetHints":{"allow":["GET"]}}],"collection":[{"href":"https:\/\/dondevamos.com.ar\/wp\/wp-json\/wp\/v2\/publicacion"}],"about":[{"href":"https:\/\/dondevamos.com.ar\/wp\/wp-json\/wp\/v2\/types\/agenda"}],"wp:featuredmedia":[{"embeddable":true,"href":"https:\/\/dondevamos.com.ar\/wp\/wp-json\/wp\/v2\/media\/991"}],"wp:attachment":[{"href":"https:\/\/dondevamos.com.ar\/wp\/wp-json\/wp\/v2\/media?parent=990"}],"wp:term":[{"taxonomy":"seccion","embeddable":true,"href":"https:\/\/dondevamos.com.ar\/wp\/wp-json\/wp\/v2\/seccion?post=990"},{"taxonomy":"tipo_de_evento","embeddable":true,"href":"https:\/\/dondevamos.com.ar\/wp\/wp-json\/wp\/v2\/tipo_de_evento?post=990"}],"curies":[{"name":"wp","href":"https:\/\/api.w.org\/{rel}","templated":true}]}}

TRUMP SOBRE EL NUEVO LÍDER DE IRÁN: «NO ESTOY CONTENTO CON ÉL»

<p></p>



<p>Donald Trump se refirió a la designación de Mojtaba Khamenei como nuevo líder supremo de Irán y fue contundente: «No estoy contento con él», declaró al diario The New York Post.</p>



<p>Mojtaba, de 56 años, asumió el cargo tras la muerte de su padre, el ayatolá Ali Khamenei, ocurrida el 28 de febrero durante los primeros bombardeos conjuntos de Estados Unidos e Israel contra Irán.</p>



<p>La Asamblea de Expertos iraní aprobó la sucesión en una sesión de emergencia, reforzando la continuidad dinástica dentro del régimen. El nuevo líder tiene fuerte influencia en la Guardia Revolucionaria Islámica y fue sancionado por el Tesoro de Estados Unidos en 2019 por políticas consideradas opresivas.</p>



<p>Consultado sobre posibles represalias, Trump evitó dar precisiones: «No te lo voy a decir», respondió, aunque reiteró que Washington debía aprobar cualquier nombramiento en el cargo supremo iraní.</p>



<p>En paralelo, negó que haya planes de desplegar tropas en las instalaciones nucleares de Isfahán: «No hemos tomado ninguna decisión al respecto. Estamos muy lejos de hacerlo», afirmó.</p>



<p>La designación se da en medio de una escalada bélica que ya lleva 12 días y mantiene en alerta a toda la región.</p>

Días del rango

Días hábiles (Lun-Vie)

Fines de semana (Sáb-Dom)
