{"id":236,"date":"2026-01-08T14:23:36","date_gmt":"2026-01-08T14:23:36","guid":{"rendered":"https:\/\/dondevamos.com.ar\/wp\/?post_type=agenda&#038;p=236"},"modified":"2026-04-27T17:20:43","modified_gmt":"2026-04-27T17:20:43","slug":"mascotas-vip-el-lujo-para-tu-companero-de-cuatro-patas","status":"publish","type":"agenda","link":"https:\/\/dondevamos.com.ar\/wp\/agenda\/mascotas-vip-el-lujo-para-tu-companero-de-cuatro-patas\/","title":{"rendered":"Mascotas VIP: El Lujo Para tu Compa\u00f1ero de Cuatro Patas"},"content":{"rendered":"\n<p><strong>Mascotas VIP: El Lujo Para tu Compa\u00f1ero de Cuatro Patas<\/strong><\/p>\n\n\n\n<p><em>En el universo del lujo moderno, las mascotas han ascendido a miembros de pleno derecho de la familia, con un estilo de vida que rivaliza con el de sus due\u00f1os. El mercado del lujo para mascotas est\u00e1 explotando.<\/em><\/p>\n\n\n\n<p><strong>Hospitalidad sin Correas<\/strong><\/p>\n\n\n\n<p><strong>Hoteles de Lujo:<\/strong>Con men\u00fas de \u00abroom service\u00bb gourmet y camas de dise\u00f1o para mascotas.<\/p>\n\n\n\n<p><strong>Jets Privados \u00abPet-Friendly\u00bb:<\/strong> Programas especiales para que las mascotas viajen en cabina con todas las comodidades.<\/p>\n\n\n\n<p><strong>Bienestar de la Pata a la Oreja<\/strong><\/p>\n\n\n\n<p><strong>D\u00edas de Spa:<\/strong> Con \u00abpawdicures\u00bb, masajes de aromaterapia y tratamientos faciales.<\/p>\n\n\n\n<p><strong>Nutrici\u00f3n a Medida:<\/strong> Dietas personalizadas dise\u00f1adas por nutricionistas para mascotas.<\/p>\n\n\n\n<p><strong>Tecnolog\u00eda de Vanguardia<\/strong><\/p>\n\n\n\n<p><strong>Collares Inteligentes:<\/strong> Con rastreo GPS y monitor de actividad y salud.<\/p>\n\n\n\n<p><strong>C\u00e1maras Interactivas:<\/strong>Para ver, hablar y lanzar premios a tu mascota desde cualquier lugar del mundo.<\/p>\n","protected":false},"featured_media":483,"template":"","meta":{"_acf_changed":false},"seccion":[27,10],"tipo_de_evento":[],"class_list":["post-236","agenda","type-agenda","status-publish","has-post-thumbnail","hentry","seccion-moda","seccion-portada-derecha"],"acf":{"fecha_inicio_de_evento":{"simple_value_formatted":"","value_formatted":"","value":"","field":{"ID":1313,"key":"field_69b7addf2bc8b","label":"Fecha Inicio de Evento (opcional para crear y mostrar Rango)","name":"fecha_inicio_de_evento","aria-label":"","prefix":"acf","type":"date_time_picker","value":null,"menu_order":0,"instructions":"","required":0,"id":"","class":"","conditional_logic":0,"parent":1246,"wrapper":{"width":"","class":"","id":""},"display_format":"j F, g:i a","return_format":"j F, g:i a","first_day":1,"default_to_current_date":0,"allow_in_bindings":0,"_name":"fecha_inicio_de_evento","_valid":1}},"fecha_de_evento":{"simple_value_formatted":"","value_formatted":"","value":"","field":{"ID":1247,"key":"field_69b5c6ada84ac","label":"Fecha de Evento (Fin)","name":"fecha_de_evento","aria-label":"","prefix":"acf","type":"date_time_picker","value":null,"menu_order":1,"instructions":"","required":0,"id":"","class":"","conditional_logic":0,"parent":1246,"wrapper":{"width":"","class":"","id":""},"display_format":"j F, g:i a","return_format":"j F, g:i a","first_day":1,"default_to_current_date":0,"allow_in_bindings":0,"_name":"fecha_de_evento","_valid":1}},"dias_del_rango":{"simple_value_formatted":"todos","value_formatted":"todos","value":"todos","field":{"ID":1323,"key":"field_69b7ba6cac7d1","label":"D\u00edas del rango","name":"dias_del_rango","aria-label":"","prefix":"acf","type":"radio","value":null,"menu_order":2,"instructions":"","required":0,"id":"","class":"","conditional_logic":0,"parent":1246,"wrapper":{"width":"","class":"","id":""},"choices":{"todos":"Todo el rango","habiles":"D\u00edas h\u00e1biles (Lun-Vie)","finde":"Fines de semana (S\u00e1b-Dom)"},"default_value":"todos","return_format":"value","allow_null":0,"other_choice":0,"allow_in_bindings":0,"layout":"vertical","save_other_choice":0,"_name":"dias_del_rango","_valid":1}},"fechas_extra":{"simple_value_formatted":"","value_formatted":"","value":"","field":{"ID":1317,"key":"field_69b7b43578fd9","label":"Fechas extra separadas por coma. Formato: YYYY-MM-DD HH. Ej: 2026-03-21 21, 2026-03-28 21","name":"fechas_extra","aria-label":"","prefix":"acf","type":"text","value":null,"menu_order":3,"instructions":"","required":0,"id":"","class":"","conditional_logic":0,"parent":1246,"wrapper":{"width":"","class":"","id":""},"default_value":"","maxlength":"","allow_in_bindings":0,"placeholder":"","prepend":"","append":"","_name":"fechas_extra","_valid":1}}},"mb":[],"mfb_rest_fields":["title"],"_links":{"self":[{"href":"https:\/\/dondevamos.com.ar\/wp\/wp-json\/wp\/v2\/publicacion\/236","targetHints":{"allow":["GET"]}}],"collection":[{"href":"https:\/\/dondevamos.com.ar\/wp\/wp-json\/wp\/v2\/publicacion"}],"about":[{"href":"https:\/\/dondevamos.com.ar\/wp\/wp-json\/wp\/v2\/types\/agenda"}],"wp:featuredmedia":[{"embeddable":true,"href":"https:\/\/dondevamos.com.ar\/wp\/wp-json\/wp\/v2\/media\/483"}],"wp:attachment":[{"href":"https:\/\/dondevamos.com.ar\/wp\/wp-json\/wp\/v2\/media?parent=236"}],"wp:term":[{"taxonomy":"seccion","embeddable":true,"href":"https:\/\/dondevamos.com.ar\/wp\/wp-json\/wp\/v2\/seccion?post=236"},{"taxonomy":"tipo_de_evento","embeddable":true,"href":"https:\/\/dondevamos.com.ar\/wp\/wp-json\/wp\/v2\/tipo_de_evento?post=236"}],"curies":[{"name":"wp","href":"https:\/\/api.w.org\/{rel}","templated":true}]}}

Mascotas VIP: El Lujo Para tu Compañero de Cuatro Patas

<p><strong>Mascotas VIP: El Lujo Para tu Compañero de Cuatro Patas</strong></p>



<p><em>En el universo del lujo moderno, las mascotas han ascendido a miembros de pleno derecho de la familia, con un estilo de vida que rivaliza con el de sus dueños. El mercado del lujo para mascotas está explotando.</em></p>



<p><strong>Hospitalidad sin Correas</strong></p>



<p><strong>Hoteles de Lujo:</strong>Con menús de «room service» gourmet y camas de diseño para mascotas.</p>



<p><strong>Jets Privados «Pet-Friendly»:</strong> Programas especiales para que las mascotas viajen en cabina con todas las comodidades.</p>



<p><strong>Bienestar de la Pata a la Oreja</strong></p>



<p><strong>Días de Spa:</strong> Con «pawdicures», masajes de aromaterapia y tratamientos faciales.</p>



<p><strong>Nutrición a Medida:</strong> Dietas personalizadas diseñadas por nutricionistas para mascotas.</p>



<p><strong>Tecnología de Vanguardia</strong></p>



<p><strong>Collares Inteligentes:</strong> Con rastreo GPS y monitor de actividad y salud.</p>



<p><strong>Cámaras Interactivas:</strong>Para ver, hablar y lanzar premios a tu mascota desde cualquier lugar del mundo.</p>

Días del rango

Días hábiles (Lun-Vie)

Fines de semana (Sáb-Dom)
