{"id":1548,"date":"2026-03-20T20:37:36","date_gmt":"2026-03-20T20:37:36","guid":{"rendered":"https:\/\/dondevamos.com.ar\/wp\/?post_type=agenda&#038;p=1548"},"modified":"2026-03-20T20:37:37","modified_gmt":"2026-03-20T20:37:37","slug":"el-gobierno-elimino-tramites-duplicados-para-el-sector-agroalimentario-menos-burocracia-y-mas-agilidad","status":"publish","type":"agenda","link":"https:\/\/dondevamos.com.ar\/wp\/agenda\/el-gobierno-elimino-tramites-duplicados-para-el-sector-agroalimentario-menos-burocracia-y-mas-agilidad\/","title":{"rendered":"EL GOBIERNO ELIMIN\u00d3 TR\u00c1MITES DUPLICADOS PARA EL SECTOR AGROALIMENTARIO: MENOS BUROCRACIA Y M\u00c1S AGILIDAD"},"content":{"rendered":"\n<p><\/p>\n\n\n\n<p>El Servicio Nacional de Sanidad y Calidad Agroalimentaria (SENASA) simplific\u00f3 m\u00faltiples tr\u00e1mites administrativos para productores, empresas y establecimientos del sector agroalimentario con la Resoluci\u00f3n 233\/2026. La principal novedad: se elimin\u00f3 la obligaci\u00f3n de presentar habilitaciones municipales y provinciales en tr\u00e1mites nacionales.<\/p>\n\n\n\n<p>Hasta ahora, esa exigencia generaba demoras y duplicaci\u00f3n de documentaci\u00f3n innecesaria. La superposici\u00f3n de controles entre jurisdicciones complicaba los procesos y sumaba trabas a quienes producen. Con la nueva medida, cada nivel de gobierno se ocupa de lo suyo sin interferir en el otro.<\/p>\n\n\n\n<p>El ministro de Desregulaci\u00f3n y Transformaci\u00f3n del Estado, Federico Sturzenegger, lo explic\u00f3 con claridad: \u00abHemos decidido remover los requisitos de la habilitaci\u00f3n municipal de toda o casi toda la normativa nacional. No es que las empresas no deban cumplir la normativa local, simplemente pasa a ser un tema jurisdiccional que el gobierno nacional no va ni debe auditar\u00bb. Y agreg\u00f3: \u00abAl separar los carriles, evitamos que la normativa nacional se convierta en un mecanismo adicional para aumentar el poder de coacci\u00f3n municipal\u00bb.<\/p>\n\n\n\n<p>La resoluci\u00f3n impacta en laboratorios, establecimientos productivos, log\u00edstica, comercio exterior y productos veterinarios. Las empresas siguen obligadas a cumplir con las regulaciones locales, pero ya no deben presentar esa documentaci\u00f3n como requisito dentro de los tr\u00e1mites nacionales.<\/p>\n","protected":false},"featured_media":1549,"template":"","meta":{"_acf_changed":false},"seccion":[19,11],"tipo_de_evento":[],"class_list":["post-1548","agenda","type-agenda","status-publish","has-post-thumbnail","hentry","seccion-actualidad","seccion-portada-izquierda"],"acf":{"fecha_inicio_de_evento":{"simple_value_formatted":"","value_formatted":"","value":"","field":{"ID":1313,"key":"field_69b7addf2bc8b","label":"Fecha Inicio de Evento (opcional para crear y mostrar Rango)","name":"fecha_inicio_de_evento","aria-label":"","prefix":"acf","type":"date_time_picker","value":null,"menu_order":0,"instructions":"","required":0,"id":"","class":"","conditional_logic":0,"parent":1246,"wrapper":{"width":"","class":"","id":""},"display_format":"j F, g:i a","return_format":"j F, g:i a","first_day":1,"default_to_current_date":0,"allow_in_bindings":0,"_name":"fecha_inicio_de_evento","_valid":1}},"fecha_de_evento":{"simple_value_formatted":"","value_formatted":"","value":"","field":{"ID":1247,"key":"field_69b5c6ada84ac","label":"Fecha de Evento (Fin)","name":"fecha_de_evento","aria-label":"","prefix":"acf","type":"date_time_picker","value":null,"menu_order":1,"instructions":"","required":0,"id":"","class":"","conditional_logic":0,"parent":1246,"wrapper":{"width":"","class":"","id":""},"display_format":"j F, g:i a","return_format":"j F, g:i a","first_day":1,"default_to_current_date":0,"allow_in_bindings":0,"_name":"fecha_de_evento","_valid":1}},"dias_del_rango":{"simple_value_formatted":"todos","value_formatted":"todos","value":"todos","field":{"ID":1323,"key":"field_69b7ba6cac7d1","label":"D\u00edas del rango","name":"dias_del_rango","aria-label":"","prefix":"acf","type":"radio","value":null,"menu_order":2,"instructions":"","required":0,"id":"","class":"","conditional_logic":0,"parent":1246,"wrapper":{"width":"","class":"","id":""},"choices":{"todos":"Todo el rango","habiles":"D\u00edas h\u00e1biles (Lun-Vie)","finde":"Fines de semana (S\u00e1b-Dom)"},"default_value":"todos","return_format":"value","allow_null":0,"other_choice":0,"allow_in_bindings":0,"layout":"vertical","save_other_choice":0,"_name":"dias_del_rango","_valid":1}},"fechas_extra":{"simple_value_formatted":"","value_formatted":"","value":"","field":{"ID":1317,"key":"field_69b7b43578fd9","label":"Fechas extra separadas por coma. Formato: YYYY-MM-DD HH. Ej: 2026-03-21 21, 2026-03-28 21","name":"fechas_extra","aria-label":"","prefix":"acf","type":"text","value":null,"menu_order":3,"instructions":"","required":0,"id":"","class":"","conditional_logic":0,"parent":1246,"wrapper":{"width":"","class":"","id":""},"default_value":"","maxlength":"","allow_in_bindings":0,"placeholder":"","prepend":"","append":"","_name":"fechas_extra","_valid":1}}},"mb":[],"mfb_rest_fields":["title"],"_links":{"self":[{"href":"https:\/\/dondevamos.com.ar\/wp\/wp-json\/wp\/v2\/publicacion\/1548","targetHints":{"allow":["GET"]}}],"collection":[{"href":"https:\/\/dondevamos.com.ar\/wp\/wp-json\/wp\/v2\/publicacion"}],"about":[{"href":"https:\/\/dondevamos.com.ar\/wp\/wp-json\/wp\/v2\/types\/agenda"}],"wp:featuredmedia":[{"embeddable":true,"href":"https:\/\/dondevamos.com.ar\/wp\/wp-json\/wp\/v2\/media\/1549"}],"wp:attachment":[{"href":"https:\/\/dondevamos.com.ar\/wp\/wp-json\/wp\/v2\/media?parent=1548"}],"wp:term":[{"taxonomy":"seccion","embeddable":true,"href":"https:\/\/dondevamos.com.ar\/wp\/wp-json\/wp\/v2\/seccion?post=1548"},{"taxonomy":"tipo_de_evento","embeddable":true,"href":"https:\/\/dondevamos.com.ar\/wp\/wp-json\/wp\/v2\/tipo_de_evento?post=1548"}],"curies":[{"name":"wp","href":"https:\/\/api.w.org\/{rel}","templated":true}]}}

EL GOBIERNO ELIMINÓ TRÁMITES DUPLICADOS PARA EL SECTOR AGROALIMENTARIO: MENOS BUROCRACIA Y MÁS AGILIDAD

<p></p>



<p>El Servicio Nacional de Sanidad y Calidad Agroalimentaria (SENASA) simplificó múltiples trámites administrativos para productores, empresas y establecimientos del sector agroalimentario con la Resolución 233/2026. La principal novedad: se eliminó la obligación de presentar habilitaciones municipales y provinciales en trámites nacionales.</p>



<p>Hasta ahora, esa exigencia generaba demoras y duplicación de documentación innecesaria. La superposición de controles entre jurisdicciones complicaba los procesos y sumaba trabas a quienes producen. Con la nueva medida, cada nivel de gobierno se ocupa de lo suyo sin interferir en el otro.</p>



<p>El ministro de Desregulación y Transformación del Estado, Federico Sturzenegger, lo explicó con claridad: «Hemos decidido remover los requisitos de la habilitación municipal de toda o casi toda la normativa nacional. No es que las empresas no deban cumplir la normativa local, simplemente pasa a ser un tema jurisdiccional que el gobierno nacional no va ni debe auditar». Y agregó: «Al separar los carriles, evitamos que la normativa nacional se convierta en un mecanismo adicional para aumentar el poder de coacción municipal».</p>



<p>La resolución impacta en laboratorios, establecimientos productivos, logística, comercio exterior y productos veterinarios. Las empresas siguen obligadas a cumplir con las regulaciones locales, pero ya no deben presentar esa documentación como requisito dentro de los trámites nacionales.</p>

Días del rango

Días hábiles (Lun-Vie)

Fines de semana (Sáb-Dom)
