{"id":1469,"date":"2026-03-18T20:39:18","date_gmt":"2026-03-18T20:39:18","guid":{"rendered":"https:\/\/dondevamos.com.ar\/wp\/?post_type=agenda&#038;p=1469"},"modified":"2026-03-18T20:39:18","modified_gmt":"2026-03-18T20:39:18","slug":"el-salvador-aprobo-la-cadena-perpetua-para-homicidas-violadores-y-terroristas","status":"publish","type":"agenda","link":"https:\/\/dondevamos.com.ar\/wp\/agenda\/el-salvador-aprobo-la-cadena-perpetua-para-homicidas-violadores-y-terroristas\/","title":{"rendered":"EL SALVADOR APROB\u00d3 LA CADENA PERPETUA PARA HOMICIDAS, VIOLADORES Y TERRORISTAS"},"content":{"rendered":"\n<p><\/p>\n\n\n\n<p>La Asamblea Legislativa de El Salvador aprob\u00f3 una reforma constitucional impulsada por Nayib Bukele que habilita la cadena perpetua para homicidas, violadores y terroristas. El texto modifica el art\u00edculo 27 de la Constituci\u00f3n y fue votado por 54 de los 60 diputados, con un solo voto en contra.<\/p>\n\n\n\n<p>Hasta ahora, la pena m\u00e1xima en El Salvador era de 60 a\u00f1os de prisi\u00f3n. El ministro de Justicia y Seguridad, Gustavo Villatoro, present\u00f3 la propuesta y fue directo: \u00abLo que estamos haciendo es de car\u00e1cter irreversible\u00bb. Para que entre en vigencia, la Asamblea deber\u00e1 ratificar la reforma en una segunda sesi\u00f3n plenaria.<\/p>\n\n\n\n<p>La medida se enmarca en la pol\u00edtica de mano dura de Bukele, que con el r\u00e9gimen de excepci\u00f3n vigente desde hace cuatro a\u00f1os desarticul\u00f3 a las pandillas y redujo dr\u00e1sticamente los homicidios. Seg\u00fan cifras oficiales, m\u00e1s de 85.000 personas fueron detenidas en ese per\u00edodo. Los organismos de derechos humanos denuncian juicios masivos sin debido proceso.<\/p>\n\n\n\n<p>Bukele lo plante\u00f3 sin vueltas en X antes de la votaci\u00f3n: \u00abVamos a ver qui\u00e9nes apoyan esta reforma y qui\u00e9nes se atreven a defender que la Constituci\u00f3n contin\u00fae prohibiendo que asesinos y violadores permanezcan en prisi\u00f3n\u00bb. Por primera vez, el opositor Arena sum\u00f3 sus votos al oficialismo para una iniciativa de este tipo.<\/p>\n","protected":false},"featured_media":1470,"template":"","meta":{"_acf_changed":false},"seccion":[19,11],"tipo_de_evento":[],"class_list":["post-1469","agenda","type-agenda","status-publish","has-post-thumbnail","hentry","seccion-actualidad","seccion-portada-izquierda"],"acf":{"fecha_inicio_de_evento":{"simple_value_formatted":"","value_formatted":"","value":"","field":{"ID":1313,"key":"field_69b7addf2bc8b","label":"Fecha Inicio de Evento (opcional para crear y mostrar Rango)","name":"fecha_inicio_de_evento","aria-label":"","prefix":"acf","type":"date_time_picker","value":null,"menu_order":0,"instructions":"","required":0,"id":"","class":"","conditional_logic":0,"parent":1246,"wrapper":{"width":"","class":"","id":""},"display_format":"j F, g:i a","return_format":"j F, g:i a","first_day":1,"default_to_current_date":0,"allow_in_bindings":0,"_name":"fecha_inicio_de_evento","_valid":1}},"fecha_de_evento":{"simple_value_formatted":"","value_formatted":"","value":"","field":{"ID":1247,"key":"field_69b5c6ada84ac","label":"Fecha de Evento (Fin)","name":"fecha_de_evento","aria-label":"","prefix":"acf","type":"date_time_picker","value":null,"menu_order":1,"instructions":"","required":0,"id":"","class":"","conditional_logic":0,"parent":1246,"wrapper":{"width":"","class":"","id":""},"display_format":"j F, g:i a","return_format":"j F, g:i a","first_day":1,"default_to_current_date":0,"allow_in_bindings":0,"_name":"fecha_de_evento","_valid":1}},"dias_del_rango":{"simple_value_formatted":"todos","value_formatted":"todos","value":"todos","field":{"ID":1323,"key":"field_69b7ba6cac7d1","label":"D\u00edas del rango","name":"dias_del_rango","aria-label":"","prefix":"acf","type":"radio","value":null,"menu_order":2,"instructions":"","required":0,"id":"","class":"","conditional_logic":0,"parent":1246,"wrapper":{"width":"","class":"","id":""},"choices":{"todos":"Todo el rango","habiles":"D\u00edas h\u00e1biles (Lun-Vie)","finde":"Fines de semana (S\u00e1b-Dom)"},"default_value":"todos","return_format":"value","allow_null":0,"other_choice":0,"allow_in_bindings":0,"layout":"vertical","save_other_choice":0,"_name":"dias_del_rango","_valid":1}},"fechas_extra":{"simple_value_formatted":"","value_formatted":"","value":"","field":{"ID":1317,"key":"field_69b7b43578fd9","label":"Fechas extra separadas por coma. Formato: YYYY-MM-DD HH. Ej: 2026-03-21 21, 2026-03-28 21","name":"fechas_extra","aria-label":"","prefix":"acf","type":"text","value":null,"menu_order":3,"instructions":"","required":0,"id":"","class":"","conditional_logic":0,"parent":1246,"wrapper":{"width":"","class":"","id":""},"default_value":"","maxlength":"","allow_in_bindings":0,"placeholder":"","prepend":"","append":"","_name":"fechas_extra","_valid":1}}},"mb":[],"mfb_rest_fields":["title"],"_links":{"self":[{"href":"https:\/\/dondevamos.com.ar\/wp\/wp-json\/wp\/v2\/publicacion\/1469","targetHints":{"allow":["GET"]}}],"collection":[{"href":"https:\/\/dondevamos.com.ar\/wp\/wp-json\/wp\/v2\/publicacion"}],"about":[{"href":"https:\/\/dondevamos.com.ar\/wp\/wp-json\/wp\/v2\/types\/agenda"}],"wp:featuredmedia":[{"embeddable":true,"href":"https:\/\/dondevamos.com.ar\/wp\/wp-json\/wp\/v2\/media\/1470"}],"wp:attachment":[{"href":"https:\/\/dondevamos.com.ar\/wp\/wp-json\/wp\/v2\/media?parent=1469"}],"wp:term":[{"taxonomy":"seccion","embeddable":true,"href":"https:\/\/dondevamos.com.ar\/wp\/wp-json\/wp\/v2\/seccion?post=1469"},{"taxonomy":"tipo_de_evento","embeddable":true,"href":"https:\/\/dondevamos.com.ar\/wp\/wp-json\/wp\/v2\/tipo_de_evento?post=1469"}],"curies":[{"name":"wp","href":"https:\/\/api.w.org\/{rel}","templated":true}]}}

EL SALVADOR APROBÓ LA CADENA PERPETUA PARA HOMICIDAS, VIOLADORES Y TERRORISTAS

<p></p>



<p>La Asamblea Legislativa de El Salvador aprobó una reforma constitucional impulsada por Nayib Bukele que habilita la cadena perpetua para homicidas, violadores y terroristas. El texto modifica el artículo 27 de la Constitución y fue votado por 54 de los 60 diputados, con un solo voto en contra.</p>



<p>Hasta ahora, la pena máxima en El Salvador era de 60 años de prisión. El ministro de Justicia y Seguridad, Gustavo Villatoro, presentó la propuesta y fue directo: «Lo que estamos haciendo es de carácter irreversible». Para que entre en vigencia, la Asamblea deberá ratificar la reforma en una segunda sesión plenaria.</p>



<p>La medida se enmarca en la política de mano dura de Bukele, que con el régimen de excepción vigente desde hace cuatro años desarticuló a las pandillas y redujo drásticamente los homicidios. Según cifras oficiales, más de 85.000 personas fueron detenidas en ese período. Los organismos de derechos humanos denuncian juicios masivos sin debido proceso.</p>



<p>Bukele lo planteó sin vueltas en X antes de la votación: «Vamos a ver quiénes apoyan esta reforma y quiénes se atreven a defender que la Constitución continúe prohibiendo que asesinos y violadores permanezcan en prisión». Por primera vez, el opositor Arena sumó sus votos al oficialismo para una iniciativa de este tipo.</p>

Días del rango

Días hábiles (Lun-Vie)

Fines de semana (Sáb-Dom)
