{"id":1418,"date":"2026-03-17T21:10:33","date_gmt":"2026-03-17T21:10:33","guid":{"rendered":"https:\/\/dondevamos.com.ar\/wp\/?post_type=agenda&#038;p=1418"},"modified":"2026-03-17T21:10:34","modified_gmt":"2026-03-17T21:10:34","slug":"oasis-quedo-afuera-del-salon-de-la-fama-del-rock-y-liam-gallagher-reacciono-como-solo-el-sabe","status":"publish","type":"agenda","link":"https:\/\/dondevamos.com.ar\/wp\/agenda\/oasis-quedo-afuera-del-salon-de-la-fama-del-rock-y-liam-gallagher-reacciono-como-solo-el-sabe\/","title":{"rendered":"OASIS QUED\u00d3 AFUERA DEL SAL\u00d3N DE LA FAMA DEL ROCK Y LIAM GALLAGHER REACCION\u00d3 COMO SOLO \u00c9L SABE"},"content":{"rendered":"\n<p><\/p>\n\n\n\n<p>Oasis no entr\u00f3 al Sal\u00f3n de la Fama del Rock and Roll 2026. La banda qued\u00f3 en el decimocuarto lugar en las votaciones p\u00fablicas, detr\u00e1s de Phil Collins, Shakira, Mariah Carey y Pink. Iron Maiden tampoco la tuvo f\u00e1cil: qued\u00f3 und\u00e9cima. La selecci\u00f3n final combina el voto popular con un comit\u00e9 de m\u00e1s de 1.000 especialistas de la industria, un sistema cada vez m\u00e1s cuestionado por su falta de transparencia.<\/p>\n\n\n\n<p>Liam Gallagher no se guard\u00f3 nada. \u00abMe gustar\u00eda dar las gracias desde lo m\u00e1s profundo de mi coraz\u00f3n a todas las personas que NO nos han votado. Esto es para ustedes\u00bb, escribi\u00f3 en X con su sarcasmo habitual. A los que s\u00ed votaron por Oasis les pidi\u00f3 que \u00abse sienten\u00bb. Y la frase que m\u00e1s repercusi\u00f3n tuvo fue directa: \u00abEl Rock &amp; Roll Hall of Fame es para imb\u00e9ciles\u00bb.<\/p>\n\n\n\n<p>Cuando le preguntaron qu\u00e9 har\u00eda si Oasis finalmente fuera admitido, no dud\u00f3: \u00abObviamente, ir y decir que es lo mejor que me ha pasado\u00bb. Y despu\u00e9s aclar\u00f3: \u00abEstoy autorizado a ser un imb\u00e9cil de vez en cuando, es bueno para el alma\u00bb.<\/p>\n\n\n\n<p>La pol\u00e9mica se da en un contexto de debate creciente sobre la instituci\u00f3n, que en los \u00faltimos a\u00f1os incorpor\u00f3 a artistas como Jay Z, Eminem, Whitney Houston y Cher, generando reclamos de cambiar el nombre a \u00abSal\u00f3n de la Fama de la M\u00fasica\u00bb.<\/p>\n","protected":false},"featured_media":1419,"template":"","meta":{"_acf_changed":false},"seccion":[13,10],"tipo_de_evento":[],"class_list":["post-1418","agenda","type-agenda","status-publish","has-post-thumbnail","hentry","seccion-nota","seccion-portada-derecha"],"acf":{"fecha_inicio_de_evento":{"simple_value_formatted":"","value_formatted":"","value":"","field":{"ID":1313,"key":"field_69b7addf2bc8b","label":"Fecha Inicio de Evento (opcional para crear y mostrar Rango)","name":"fecha_inicio_de_evento","aria-label":"","prefix":"acf","type":"date_time_picker","value":null,"menu_order":0,"instructions":"","required":0,"id":"","class":"","conditional_logic":0,"parent":1246,"wrapper":{"width":"","class":"","id":""},"display_format":"j F, g:i a","return_format":"j F, g:i a","first_day":1,"default_to_current_date":0,"allow_in_bindings":0,"_name":"fecha_inicio_de_evento","_valid":1}},"fecha_de_evento":{"simple_value_formatted":"","value_formatted":"","value":"","field":{"ID":1247,"key":"field_69b5c6ada84ac","label":"Fecha de Evento (Fin)","name":"fecha_de_evento","aria-label":"","prefix":"acf","type":"date_time_picker","value":null,"menu_order":1,"instructions":"","required":0,"id":"","class":"","conditional_logic":0,"parent":1246,"wrapper":{"width":"","class":"","id":""},"display_format":"j F, g:i a","return_format":"j F, g:i a","first_day":1,"default_to_current_date":0,"allow_in_bindings":0,"_name":"fecha_de_evento","_valid":1}},"dias_del_rango":{"simple_value_formatted":"todos","value_formatted":"todos","value":"todos","field":{"ID":1323,"key":"field_69b7ba6cac7d1","label":"D\u00edas del rango","name":"dias_del_rango","aria-label":"","prefix":"acf","type":"radio","value":null,"menu_order":2,"instructions":"","required":0,"id":"","class":"","conditional_logic":0,"parent":1246,"wrapper":{"width":"","class":"","id":""},"choices":{"todos":"Todo el rango","habiles":"D\u00edas h\u00e1biles (Lun-Vie)","finde":"Fines de semana (S\u00e1b-Dom)"},"default_value":"todos","return_format":"value","allow_null":0,"other_choice":0,"allow_in_bindings":0,"layout":"vertical","save_other_choice":0,"_name":"dias_del_rango","_valid":1}},"fechas_extra":{"simple_value_formatted":"","value_formatted":"","value":"","field":{"ID":1317,"key":"field_69b7b43578fd9","label":"Fechas extra separadas por coma. Formato: YYYY-MM-DD HH. Ej: 2026-03-21 21, 2026-03-28 21","name":"fechas_extra","aria-label":"","prefix":"acf","type":"text","value":null,"menu_order":3,"instructions":"","required":0,"id":"","class":"","conditional_logic":0,"parent":1246,"wrapper":{"width":"","class":"","id":""},"default_value":"","maxlength":"","allow_in_bindings":0,"placeholder":"","prepend":"","append":"","_name":"fechas_extra","_valid":1}}},"mb":[],"mfb_rest_fields":["title"],"_links":{"self":[{"href":"https:\/\/dondevamos.com.ar\/wp\/wp-json\/wp\/v2\/publicacion\/1418","targetHints":{"allow":["GET"]}}],"collection":[{"href":"https:\/\/dondevamos.com.ar\/wp\/wp-json\/wp\/v2\/publicacion"}],"about":[{"href":"https:\/\/dondevamos.com.ar\/wp\/wp-json\/wp\/v2\/types\/agenda"}],"wp:featuredmedia":[{"embeddable":true,"href":"https:\/\/dondevamos.com.ar\/wp\/wp-json\/wp\/v2\/media\/1419"}],"wp:attachment":[{"href":"https:\/\/dondevamos.com.ar\/wp\/wp-json\/wp\/v2\/media?parent=1418"}],"wp:term":[{"taxonomy":"seccion","embeddable":true,"href":"https:\/\/dondevamos.com.ar\/wp\/wp-json\/wp\/v2\/seccion?post=1418"},{"taxonomy":"tipo_de_evento","embeddable":true,"href":"https:\/\/dondevamos.com.ar\/wp\/wp-json\/wp\/v2\/tipo_de_evento?post=1418"}],"curies":[{"name":"wp","href":"https:\/\/api.w.org\/{rel}","templated":true}]}}

OASIS QUEDÓ AFUERA DEL SALÓN DE LA FAMA DEL ROCK Y LIAM GALLAGHER REACCIONÓ COMO SOLO ÉL SABE

<p></p>



<p>Oasis no entró al Salón de la Fama del Rock and Roll 2026. La banda quedó en el decimocuarto lugar en las votaciones públicas, detrás de Phil Collins, Shakira, Mariah Carey y Pink. Iron Maiden tampoco la tuvo fácil: quedó undécima. La selección final combina el voto popular con un comité de más de 1.000 especialistas de la industria, un sistema cada vez más cuestionado por su falta de transparencia.</p>



<p>Liam Gallagher no se guardó nada. «Me gustaría dar las gracias desde lo más profundo de mi corazón a todas las personas que NO nos han votado. Esto es para ustedes», escribió en X con su sarcasmo habitual. A los que sí votaron por Oasis les pidió que «se sienten». Y la frase que más repercusión tuvo fue directa: «El Rock &amp; Roll Hall of Fame es para imbéciles».</p>



<p>Cuando le preguntaron qué haría si Oasis finalmente fuera admitido, no dudó: «Obviamente, ir y decir que es lo mejor que me ha pasado». Y después aclaró: «Estoy autorizado a ser un imbécil de vez en cuando, es bueno para el alma».</p>



<p>La polémica se da en un contexto de debate creciente sobre la institución, que en los últimos años incorporó a artistas como Jay Z, Eminem, Whitney Houston y Cher, generando reclamos de cambiar el nombre a «Salón de la Fama de la Música».</p>

Días del rango

Días hábiles (Lun-Vie)

Fines de semana (Sáb-Dom)
