{"id":1222,"date":"2026-03-13T19:44:56","date_gmt":"2026-03-13T19:44:56","guid":{"rendered":"https:\/\/dondevamos.com.ar\/wp\/?post_type=agenda&#038;p=1222"},"modified":"2026-03-13T19:44:57","modified_gmt":"2026-03-13T19:44:57","slug":"scioli-se-reunio-con-agencias-de-viajes-de-todo-el-pais-y-marco-la-alianza-con-el-sector-privado","status":"publish","type":"agenda","link":"https:\/\/dondevamos.com.ar\/wp\/agenda\/scioli-se-reunio-con-agencias-de-viajes-de-todo-el-pais-y-marco-la-alianza-con-el-sector-privado\/","title":{"rendered":"SCIOLI SE REUNI\u00d3 CON AGENCIAS DE VIAJES DE TODO EL PA\u00cdS Y MARC\u00d3 LA ALIANZA CON EL SECTOR PRIVADO"},"content":{"rendered":"\n<p><\/p>\n\n\n\n<p>El secretario de Turismo y Ambiente, Daniel Scioli, particip\u00f3 de una reuni\u00f3n virtual con el Comit\u00e9 Ejecutivo de la Federaci\u00f3n Argentina de Asociaciones de Empresas de Viajes y Turismo (Faevyt), que reuni\u00f3 a los 27 presidentes de las asociaciones regionales de todo el pa\u00eds.<\/p>\n\n\n\n<p>Scioli repas\u00f3 las l\u00edneas de acci\u00f3n de la Secretar\u00eda y remarc\u00f3 la articulaci\u00f3n con el sector privado como eje de gesti\u00f3n. \u00abHemos logrado alinear la Secretar\u00eda con los objetivos del sector privado. Con ese trabajo en conjunto qued\u00f3 demostrado que la dimos vuelta\u00bb, dijo. Defini\u00f3 a la Secretar\u00eda como \u00abun aliado estrat\u00e9gico, un facilitador integrado con todas las \u00e1reas de Gobierno y del sector\u00bb.<\/p>\n\n\n\n<p>El presidente de Faevyt, Andr\u00e9s Dey\u00e1, respald\u00f3: \u00abTenemos a todas las provincias representadas y estamos alineados para que a la Argentina le vaya bien en el turismo\u00bb.<\/p>\n\n\n\n<p>En la reuni\u00f3n se expusieron las iniciativas en marcha para la FIT, el Congreso de Agentes de Viajes, el Travel Sale y la Convenci\u00f3n de Empresarios de Turismo Joven, adem\u00e1s de novedades en mediciones del impacto tur\u00edstico en las econom\u00edas regionales.<\/p>\n","protected":false},"featured_media":1223,"template":"","meta":{"_acf_changed":false},"seccion":[19],"tipo_de_evento":[],"class_list":["post-1222","agenda","type-agenda","status-publish","has-post-thumbnail","hentry","seccion-actualidad"],"acf":{"fecha_inicio_de_evento":{"simple_value_formatted":null,"value_formatted":null,"value":null,"field":{"ID":1313,"key":"field_69b7addf2bc8b","label":"Fecha Inicio de Evento (opcional para crear y mostrar Rango)","name":"fecha_inicio_de_evento","aria-label":"","prefix":"acf","type":"date_time_picker","value":null,"menu_order":0,"instructions":"","required":0,"id":"","class":"","conditional_logic":0,"parent":1246,"wrapper":{"width":"","class":"","id":""},"display_format":"j F, g:i a","return_format":"j F, g:i a","first_day":1,"default_to_current_date":0,"allow_in_bindings":0,"_name":"fecha_inicio_de_evento","_valid":1}},"fecha_de_evento":{"simple_value_formatted":null,"value_formatted":null,"value":null,"field":{"ID":1247,"key":"field_69b5c6ada84ac","label":"Fecha de Evento (Fin)","name":"fecha_de_evento","aria-label":"","prefix":"acf","type":"date_time_picker","value":null,"menu_order":1,"instructions":"","required":0,"id":"","class":"","conditional_logic":0,"parent":1246,"wrapper":{"width":"","class":"","id":""},"display_format":"j F, g:i a","return_format":"j F, g:i a","first_day":1,"default_to_current_date":0,"allow_in_bindings":0,"_name":"fecha_de_evento","_valid":1}},"dias_del_rango":{"simple_value_formatted":"todos","value_formatted":"todos","value":"todos","field":{"ID":1323,"key":"field_69b7ba6cac7d1","label":"D\u00edas del rango","name":"dias_del_rango","aria-label":"","prefix":"acf","type":"radio","value":null,"menu_order":2,"instructions":"","required":0,"id":"","class":"","conditional_logic":0,"parent":1246,"wrapper":{"width":"","class":"","id":""},"choices":{"todos":"Todo el rango","habiles":"D\u00edas h\u00e1biles (Lun-Vie)","finde":"Fines de semana (S\u00e1b-Dom)"},"default_value":"todos","return_format":"value","allow_null":0,"other_choice":0,"allow_in_bindings":0,"layout":"vertical","save_other_choice":0,"_name":"dias_del_rango","_valid":1}},"fechas_extra":{"simple_value_formatted":"","value_formatted":"","value":"","field":{"ID":1317,"key":"field_69b7b43578fd9","label":"Fechas extra separadas por coma. Formato: YYYY-MM-DD HH. Ej: 2026-03-21 21, 2026-03-28 21","name":"fechas_extra","aria-label":"","prefix":"acf","type":"text","value":null,"menu_order":3,"instructions":"","required":0,"id":"","class":"","conditional_logic":0,"parent":1246,"wrapper":{"width":"","class":"","id":""},"default_value":"","maxlength":"","allow_in_bindings":0,"placeholder":"","prepend":"","append":"","_name":"fechas_extra","_valid":1}}},"mb":[],"mfb_rest_fields":["title"],"_links":{"self":[{"href":"https:\/\/dondevamos.com.ar\/wp\/wp-json\/wp\/v2\/publicacion\/1222","targetHints":{"allow":["GET"]}}],"collection":[{"href":"https:\/\/dondevamos.com.ar\/wp\/wp-json\/wp\/v2\/publicacion"}],"about":[{"href":"https:\/\/dondevamos.com.ar\/wp\/wp-json\/wp\/v2\/types\/agenda"}],"wp:featuredmedia":[{"embeddable":true,"href":"https:\/\/dondevamos.com.ar\/wp\/wp-json\/wp\/v2\/media\/1223"}],"wp:attachment":[{"href":"https:\/\/dondevamos.com.ar\/wp\/wp-json\/wp\/v2\/media?parent=1222"}],"wp:term":[{"taxonomy":"seccion","embeddable":true,"href":"https:\/\/dondevamos.com.ar\/wp\/wp-json\/wp\/v2\/seccion?post=1222"},{"taxonomy":"tipo_de_evento","embeddable":true,"href":"https:\/\/dondevamos.com.ar\/wp\/wp-json\/wp\/v2\/tipo_de_evento?post=1222"}],"curies":[{"name":"wp","href":"https:\/\/api.w.org\/{rel}","templated":true}]}}

SCIOLI SE REUNIÓ CON AGENCIAS DE VIAJES DE TODO EL PAÍS Y MARCÓ LA ALIANZA CON EL SECTOR PRIVADO

<p></p>



<p>El secretario de Turismo y Ambiente, Daniel Scioli, participó de una reunión virtual con el Comité Ejecutivo de la Federación Argentina de Asociaciones de Empresas de Viajes y Turismo (Faevyt), que reunió a los 27 presidentes de las asociaciones regionales de todo el país.</p>



<p>Scioli repasó las líneas de acción de la Secretaría y remarcó la articulación con el sector privado como eje de gestión. «Hemos logrado alinear la Secretaría con los objetivos del sector privado. Con ese trabajo en conjunto quedó demostrado que la dimos vuelta», dijo. Definió a la Secretaría como «un aliado estratégico, un facilitador integrado con todas las áreas de Gobierno y del sector».</p>



<p>El presidente de Faevyt, Andrés Deyá, respaldó: «Tenemos a todas las provincias representadas y estamos alineados para que a la Argentina le vaya bien en el turismo».</p>



<p>En la reunión se expusieron las iniciativas en marcha para la FIT, el Congreso de Agentes de Viajes, el Travel Sale y la Convención de Empresarios de Turismo Joven, además de novedades en mediciones del impacto turístico en las economías regionales.</p>

Días del rango

Días hábiles (Lun-Vie)

Fines de semana (Sáb-Dom)
